[INFO] fetching crate vgmdb-rust 0.2.1...
[INFO] building vgmdb-rust-0.2.1 against master#ff34b919075f35a1787659e9c448a34b06bab8de for issue-85264
[INFO] extracting crate vgmdb-rust 0.2.1 into /workspace/builds/worker-7/source
[INFO] validating manifest of crates.io crate vgmdb-rust 0.2.1 on toolchain ff34b919075f35a1787659e9c448a34b06bab8de
[INFO] running `Command { std: "/workspace/cargo-home/bin/cargo" "+ff34b919075f35a1787659e9c448a34b06bab8de" "metadata" "--manifest-path" "Cargo.toml" "--no-deps", kill_on_drop: false }`
[INFO] started tweaking crates.io crate vgmdb-rust 0.2.1
[INFO] finished tweaking crates.io crate vgmdb-rust 0.2.1
[INFO] tweaked toml for crates.io crate vgmdb-rust 0.2.1 written to /workspace/builds/worker-7/source/Cargo.toml
[INFO] running `Command { std: "/workspace/cargo-home/bin/cargo" "+ff34b919075f35a1787659e9c448a34b06bab8de" "generate-lockfile" "--manifest-path" "Cargo.toml" "-Zno-index-update", kill_on_drop: false }`
[INFO] running `Command { std: "/workspace/cargo-home/bin/cargo" "+ff34b919075f35a1787659e9c448a34b06bab8de" "fetch" "--manifest-path" "Cargo.toml", kill_on_drop: false }`
[INFO] running `Command { std: "docker" "create" "-v" "/var/lib/crater-agent-workspace/builds/worker-7/target:/opt/rustwide/target:rw,Z" "-v" "/var/lib/crater-agent-workspace/builds/worker-7/source:/opt/rustwide/workdir:ro,Z" "-v" "/var/lib/crater-agent-workspace/cargo-home:/opt/rustwide/cargo-home:ro,Z" "-v" "/var/lib/crater-agent-workspace/rustup-home:/opt/rustwide/rustup-home:ro,Z" "-e" "SOURCE_DIR=/opt/rustwide/workdir" "-e" "CARGO_TARGET_DIR=/opt/rustwide/target" "-e" "CARGO_HOME=/opt/rustwide/cargo-home" "-e" "RUSTUP_HOME=/opt/rustwide/rustup-home" "-w" "/opt/rustwide/workdir" "-m" "1610612736" "--user" "0:0" "--network" "none" "ghcr.io/rust-lang/crates-build-env/linux@sha256:20528e8c29e4536546f0102ce88568b16ea7538393a33fcca951030f7af10457" "/opt/rustwide/cargo-home/bin/cargo" "+ff34b919075f35a1787659e9c448a34b06bab8de" "metadata" "--no-deps" "--format-version=1", kill_on_drop: false }`
[INFO] [stdout] d493123c20a7a938fdcd50fcff8f75616657fa2da478e5ba085948a408b4d4dd
[INFO] [stderr] WARNING: Your kernel does not support swap limit capabilities or the cgroup is not mounted. Memory limited without swap.
[INFO] running `Command { std: "docker" "start" "-a" "d493123c20a7a938fdcd50fcff8f75616657fa2da478e5ba085948a408b4d4dd", kill_on_drop: false }`
[INFO] running `Command { std: "docker" "inspect" "d493123c20a7a938fdcd50fcff8f75616657fa2da478e5ba085948a408b4d4dd", kill_on_drop: false }`
[INFO] running `Command { std: "docker" "rm" "-f" "d493123c20a7a938fdcd50fcff8f75616657fa2da478e5ba085948a408b4d4dd", kill_on_drop: false }`
[INFO] [stdout] d493123c20a7a938fdcd50fcff8f75616657fa2da478e5ba085948a408b4d4dd
[INFO] running `Command { std: "docker" "create" "-v" "/var/lib/crater-agent-workspace/builds/worker-7/target:/opt/rustwide/target:rw,Z" "-v" "/var/lib/crater-agent-workspace/builds/worker-7/source:/opt/rustwide/workdir:ro,Z" "-v" "/var/lib/crater-agent-workspace/cargo-home:/opt/rustwide/cargo-home:ro,Z" "-v" "/var/lib/crater-agent-workspace/rustup-home:/opt/rustwide/rustup-home:ro,Z" "-e" "SOURCE_DIR=/opt/rustwide/workdir" "-e" "CARGO_TARGET_DIR=/opt/rustwide/target" "-e" "CARGO_INCREMENTAL=0" "-e" "RUST_BACKTRACE=full" "-e" "RUSTFLAGS=--cap-lints=forbid" "-e" "CARGO_HOME=/opt/rustwide/cargo-home" "-e" "RUSTUP_HOME=/opt/rustwide/rustup-home" "-w" "/opt/rustwide/workdir" "-m" "1610612736" "--user" "0:0" "--network" "none" "ghcr.io/rust-lang/crates-build-env/linux@sha256:20528e8c29e4536546f0102ce88568b16ea7538393a33fcca951030f7af10457" "/opt/rustwide/cargo-home/bin/cargo" "+ff34b919075f35a1787659e9c448a34b06bab8de" "build" "--frozen" "--message-format=json", kill_on_drop: false }`
[INFO] [stderr] WARNING: Your kernel does not support swap limit capabilities or the cgroup is not mounted. Memory limited without swap.
[INFO] [stdout] 5b9934796c4939c6070e85748f2ceeecafbf5314bb004a912442b3ba3050ffef
[INFO] running `Command { std: "docker" "start" "-a" "5b9934796c4939c6070e85748f2ceeecafbf5314bb004a912442b3ba3050ffef", kill_on_drop: false }`
[INFO] [stderr]    Compiling autocfg v1.0.1
[INFO] [stderr]    Compiling proc-macro2 v1.0.27
[INFO] [stderr]    Compiling cfg-if v1.0.0
[INFO] [stderr]    Compiling pin-project-lite v0.2.6
[INFO] [stderr]    Compiling futures-core v0.3.15
[INFO] [stderr]    Compiling tinyvec_macros v0.1.0
[INFO] [stderr]    Compiling futures-task v0.3.15
[INFO] [stderr]    Compiling matches v0.1.8
[INFO] [stderr]    Compiling crc32fast v1.2.1
[INFO] [stderr]    Compiling log v0.4.14
[INFO] [stderr]    Compiling httparse v1.4.1
[INFO] [stderr]    Compiling futures-channel v0.3.15
[INFO] [stderr]    Compiling bytes v1.0.1
[INFO] [stderr]    Compiling adler v1.0.2
[INFO] [stderr]    Compiling lazy_static v1.4.0
[INFO] [stderr]    Compiling pin-utils v0.1.0
[INFO] [stderr]    Compiling try-lock v0.2.3
[INFO] [stderr]    Compiling percent-encoding v2.1.0
[INFO] [stderr]    Compiling byteorder v1.4.3
[INFO] [stderr]    Compiling httpdate v1.0.1
[INFO] [stderr]    Compiling tower-service v0.3.1
[INFO] [stderr]    Compiling rustc-serialize v0.3.24
[INFO] [stderr]    Compiling unicode-bidi v0.3.5
[INFO] [stderr]    Compiling tinyvec v1.2.0
[INFO] [stderr]    Compiling tracing-core v0.1.18
[INFO] [stderr]    Compiling form_urlencoded v1.0.1
[INFO] [stderr]    Compiling http v0.2.4
[INFO] [stderr]    Compiling want v0.3.0
[INFO] [stderr]    Compiling miniz_oxide v0.4.4
[INFO] [stderr]    Compiling futures-util v0.3.15
[INFO] [stderr]    Compiling tokio v1.6.1
[INFO] [stderr]    Compiling tracing v0.1.26
[INFO] [stderr]    Compiling unicode-normalization v0.1.18
[INFO] [stderr]    Compiling quote v1.0.9
[INFO] [stderr]    Compiling syn v1.0.72
[INFO] [stderr]    Compiling flate2 v1.0.20
[INFO] [stderr]    Compiling idna v0.2.3
[INFO] [stderr]    Compiling id3 v0.6.4
[INFO] [stderr]    Compiling url v2.2.2
[INFO] [stderr]    Compiling http-body v0.4.2
[INFO] [stderr]    Compiling pin-project-internal v1.0.7
[INFO] [stderr]    Compiling pin-project v1.0.7
[INFO] [stderr]    Compiling hyper v0.14.8
[INFO] [stderr]    Compiling vgmdb-rust v0.2.1 (/opt/rustwide/workdir)
[INFO] [stdout] warning: use of deprecated macro `try`: use the `?` operator instead
[INFO] [stdout]   --> src/vgmdb/io.rs:11:16
[INFO] [stdout]    |
[INFO] [stdout] 11 |     let html = try!( download_album_url(id) );
[INFO] [stdout]    |                ^^^
[INFO] [stdout]    |
[INFO] [stdout]    = note: `#[warn(deprecated)]` on by default
[INFO] [stdout] 
[INFO] [stdout] 
[INFO] [stdout] warning: use of deprecated macro `try`: use the `?` operator instead
[INFO] [stdout]   --> src/vgmdb/io.rs:12:27
[INFO] [stdout]    |
[INFO] [stdout] 12 |     let album : AlbumDb = try!( json::decode(&html));
[INFO] [stdout]    |                           ^^^
[INFO] [stdout] 
[INFO] [stdout] 
[INFO] [stdout] warning: use of deprecated macro `try`: use the `?` operator instead
[INFO] [stdout]   --> src/vgmdb/io.rs:34:39
[INFO] [stdout]    |
[INFO] [stdout] 34 |     let Output{status, stdout, .. } = try!( Command::new("curl").arg(&url).output()  );
[INFO] [stdout]    |                                       ^^^
[INFO] [stdout] 
[INFO] [stdout] 
[INFO] [stdout] warning: use of deprecated macro `try`: use the `?` operator instead
[INFO] [stdout]   --> src/vgmdb/io.rs:40:15
[INFO] [stdout]    |
[INFO] [stdout] 40 |     let res = try!(String::from_utf8(stdout));
[INFO] [stdout]    |               ^^^
[INFO] [stdout] 
[INFO] [stdout] 
[INFO] [stdout] warning: unnecessary parentheses around method argument
[INFO] [stdout]   --> src/vgmdb/io.rs:47:43
[INFO] [stdout]    |
[INFO] [stdout] 47 |        , tracks: d.tracks.into_iter().zip((1..)).map(|(t,i)|  convert_track(t, i) ).collect()
[INFO] [stdout]    |                                           ^^^^^ help: remove these parentheses
[INFO] [stdout]    |
[INFO] [stdout]    = note: `#[warn(unused_parens)]` on by default
[INFO] [stdout] 
[INFO] [stdout] 
[INFO] [stdout] warning: unnecessary parentheses around `for` iterator expression
[INFO] [stdout]   --> src/vgmdb/io.rs:64:17
[INFO] [stdout]    |
[INFO] [stdout] 64 |     for part in ( time.rsplit(":") ) {
[INFO] [stdout]    |                 ^^^^^^^^^^^^^^^^^^^^ help: remove these parentheses
[INFO] [stdout] 
[INFO] [stdout] 
[INFO] [stdout] warning: trait objects without an explicit `dyn` are deprecated
[INFO] [stdout]   --> src/vgmdb/errors.rs:43:32
[INFO] [stdout]    |
[INFO] [stdout] 43 |     fn cause(&self) -> Option<&Error> {
[INFO] [stdout]    |                                ^^^^^ help: use `dyn`: `dyn Error`
[INFO] [stdout]    |
[INFO] [stdout]    = note: `#[warn(bare_trait_objects)]` on by default
[INFO] [stdout]    = warning: this was previously accepted by the compiler but is being phased out; it will become a hard error in the 2021 edition!
[INFO] [stdout]    = note: for more information, see issue #80165 <https://github.com/rust-lang/rust/issues/80165>
[INFO] [stdout] 
[INFO] [stdout] 
[INFO] [stdout] warning: trait objects without an explicit `dyn` are deprecated
[INFO] [stdout]   --> src/vgmdb/errors.rs:45:57
[INFO] [stdout]    |
[INFO] [stdout] 45 |             CmdError::UtfError(ref err) => Some(err as &Error),
[INFO] [stdout]    |                                                         ^^^^^ help: use `dyn`: `dyn Error`
[INFO] [stdout]    |
[INFO] [stdout]    = warning: this was previously accepted by the compiler but is being phased out; it will become a hard error in the 2021 edition!
[INFO] [stdout]    = note: for more information, see issue #80165 <https://github.com/rust-lang/rust/issues/80165>
[INFO] [stdout] 
[INFO] [stdout] 
[INFO] [stdout] warning: trait objects without an explicit `dyn` are deprecated
[INFO] [stdout]   --> src/vgmdb/errors.rs:46:57
[INFO] [stdout]    |
[INFO] [stdout] 46 |             CmdError::IoError(ref err)  => Some(err as &Error),
[INFO] [stdout]    |                                                         ^^^^^ help: use `dyn`: `dyn Error`
[INFO] [stdout]    |
[INFO] [stdout]    = warning: this was previously accepted by the compiler but is being phased out; it will become a hard error in the 2021 edition!
[INFO] [stdout]    = note: for more information, see issue #80165 <https://github.com/rust-lang/rust/issues/80165>
[INFO] [stdout] 
[INFO] [stdout] 
[INFO] [stdout] warning: use of deprecated macro `RustcDecodable`: rustc-serialize is deprecated and no longer supported
[INFO] [stdout]  --> src/vgmdb/data.rs:4:10
[INFO] [stdout]   |
[INFO] [stdout] 4 | #[derive(RustcDecodable, RustcEncodable, Debug )]
[INFO] [stdout]   |          ^^^^^^^^^^^^^^
[INFO] [stdout] 
[INFO] [stdout] 
[INFO] [stdout] warning: use of deprecated macro `RustcEncodable`: rustc-serialize is deprecated and no longer supported
[INFO] [stdout]  --> src/vgmdb/data.rs:4:26
[INFO] [stdout]   |
[INFO] [stdout] 4 | #[derive(RustcDecodable, RustcEncodable, Debug )]
[INFO] [stdout]   |                          ^^^^^^^^^^^^^^
[INFO] [stdout] 
[INFO] [stdout] 
[INFO] [stdout] warning: use of deprecated macro `RustcDecodable`: rustc-serialize is deprecated and no longer supported
[INFO] [stdout]   --> src/vgmdb/data.rs:14:10
[INFO] [stdout]    |
[INFO] [stdout] 14 | #[derive(RustcDecodable, RustcEncodable, Debug )]
[INFO] [stdout]    |          ^^^^^^^^^^^^^^
[INFO] [stdout] 
[INFO] [stdout] 
[INFO] [stdout] warning: use of deprecated macro `RustcEncodable`: rustc-serialize is deprecated and no longer supported
[INFO] [stdout]   --> src/vgmdb/data.rs:14:26
[INFO] [stdout]    |
[INFO] [stdout] 14 | #[derive(RustcDecodable, RustcEncodable, Debug )]
[INFO] [stdout]    |                          ^^^^^^^^^^^^^^
[INFO] [stdout] 
[INFO] [stdout] 
[INFO] [stdout] warning: use of deprecated macro `RustcDecodable`: rustc-serialize is deprecated and no longer supported
[INFO] [stdout]   --> src/vgmdb/data.rs:21:10
[INFO] [stdout]    |
[INFO] [stdout] 21 | #[derive(RustcDecodable, RustcEncodable, Debug )]
[INFO] [stdout]    |          ^^^^^^^^^^^^^^
[INFO] [stdout] 
[INFO] [stdout] 
[INFO] [stdout] warning: use of deprecated macro `RustcEncodable`: rustc-serialize is deprecated and no longer supported
[INFO] [stdout]   --> src/vgmdb/data.rs:21:26
[INFO] [stdout]    |
[INFO] [stdout] 21 | #[derive(RustcDecodable, RustcEncodable, Debug )]
[INFO] [stdout]    |                          ^^^^^^^^^^^^^^
[INFO] [stdout] 
[INFO] [stdout] 
[INFO] [stdout] warning: use of deprecated macro `RustcDecodable`: rustc-serialize is deprecated and no longer supported
[INFO] [stdout]   --> src/vgmdb/data.rs:29:10
[INFO] [stdout]    |
[INFO] [stdout] 29 | #[derive(RustcDecodable, RustcEncodable, Debug )]
[INFO] [stdout]    |          ^^^^^^^^^^^^^^
[INFO] [stdout] 
[INFO] [stdout] 
[INFO] [stdout] warning: use of deprecated macro `RustcEncodable`: rustc-serialize is deprecated and no longer supported
[INFO] [stdout]   --> src/vgmdb/data.rs:29:26
[INFO] [stdout]    |
[INFO] [stdout] 29 | #[derive(RustcDecodable, RustcEncodable, Debug )]
[INFO] [stdout]    |                          ^^^^^^^^^^^^^^
[INFO] [stdout] 
[INFO] [stdout] 
[INFO] [stdout] warning: use of deprecated macro `RustcDecodable`: rustc-serialize is deprecated and no longer supported
[INFO] [stdout]   --> src/vgmdb/data.rs:35:10
[INFO] [stdout]    |
[INFO] [stdout] 35 | #[derive(RustcDecodable, RustcEncodable, Debug )]
[INFO] [stdout]    |          ^^^^^^^^^^^^^^
[INFO] [stdout] 
[INFO] [stdout] 
[INFO] [stdout] warning: use of deprecated macro `RustcEncodable`: rustc-serialize is deprecated and no longer supported
[INFO] [stdout]   --> src/vgmdb/data.rs:35:26
[INFO] [stdout]    |
[INFO] [stdout] 35 | #[derive(RustcDecodable, RustcEncodable, Debug )]
[INFO] [stdout]    |                          ^^^^^^^^^^^^^^
[INFO] [stdout] 
[INFO] [stdout] 
[INFO] [stdout] warning: use of deprecated macro `RustcDecodable`: rustc-serialize is deprecated and no longer supported
[INFO] [stdout]   --> src/vgmdb/data.rs:43:10
[INFO] [stdout]    |
[INFO] [stdout] 43 | #[derive(RustcDecodable, RustcEncodable, Debug )]
[INFO] [stdout]    |          ^^^^^^^^^^^^^^
[INFO] [stdout] 
[INFO] [stdout] 
[INFO] [stdout] warning: use of deprecated macro `RustcEncodable`: rustc-serialize is deprecated and no longer supported
[INFO] [stdout]   --> src/vgmdb/data.rs:43:26
[INFO] [stdout]    |
[INFO] [stdout] 43 | #[derive(RustcDecodable, RustcEncodable, Debug )]
[INFO] [stdout]    |                          ^^^^^^^^^^^^^^
[INFO] [stdout] 
[INFO] [stdout] 
[INFO] [stdout] warning: unnecessary parentheses around method argument
[INFO] [stdout]   --> src/vgmdb/data.rs:55:44
[INFO] [stdout]    |
[INFO] [stdout] 55 |         for (d,i) in self.discs.iter().zip((1..)) {
[INFO] [stdout]    |                                            ^^^^^ help: remove these parentheses
[INFO] [stdout] 
[INFO] [stdout] 
[INFO] [stdout] error[E0061]: this function takes 1 argument but 2 arguments were supplied
[INFO] [stdout]    --> src/main.rs:112:13
[INFO] [stdout]     |
[INFO] [stdout] 112 |         tag.add_comment("", comment);
[INFO] [stdout]     |             ^^^^^^^^^^^ --  ------- supplied 2 arguments
[INFO] [stdout]     |             |
[INFO] [stdout]     |             expected 1 argument
[INFO] [stdout]     |
[INFO] [stdout] note: associated function defined here
[INFO] [stdout]    --> /opt/rustwide/cargo-home/registry/src/github.com-1ecc6299db9ec823/id3-0.6.4/src/tag.rs:536:12
[INFO] [stdout]     |
[INFO] [stdout] 536 |     pub fn add_comment(&mut self, comment: Comment) {
[INFO] [stdout]     |            ^^^^^^^^^^^
[INFO] [stdout] 
[INFO] [stdout] 
[INFO] [stdout] error[E0599]: no method named `save` found for struct `id3::Tag` in the current scope
[INFO] [stdout]    --> src/main.rs:114:20
[INFO] [stdout]     |
[INFO] [stdout] 114 |         match  tag.save() {
[INFO] [stdout]     |                    ^^^^ method not found in `id3::Tag`
[INFO] [stdout] 
[INFO] [stdout] 
[INFO] [stdout] error[E0599]: no method named `add_text_frame` found for mutable reference `&mut id3::Tag` in the current scope
[INFO] [stdout]    --> src/main.rs:126:7
[INFO] [stdout]     |
[INFO] [stdout] 126 |     t.add_text_frame("TDRC", format!("{}", year));
[INFO] [stdout]     |       ^^^^^^^^^^^^^^ method not found in `&mut id3::Tag`
[INFO] [stdout] 
[INFO] [stdout] 
[INFO] [stdout] error[E0599]: no method named `add_text_frame` found for mutable reference `&mut id3::Tag` in the current scope
[INFO] [stdout]    --> src/main.rs:130:7
[INFO] [stdout]     |
[INFO] [stdout] 130 |     t.add_text_frame("TDRL", format!("{}", date));
[INFO] [stdout]     |       ^^^^^^^^^^^^^^ method not found in `&mut id3::Tag`
[INFO] [stdout] 
[INFO] [stdout] 
[INFO] [stdout] warning: use of deprecated associated function `std::error::Error::description`: use the Display impl or to_string()
[INFO] [stdout]   --> src/vgmdb/errors.rs:30:68
[INFO] [stdout]    |
[INFO] [stdout] 30 |         CmdError::OtherError(format!("Json decode Error {:?}", err.description() ))
[INFO] [stdout]    |                                                                    ^^^^^^^^^^^
[INFO] [stdout] 
[INFO] [stdout] 
[INFO] [stdout] warning: use of deprecated associated function `std::error::Error::description`: use the Display impl or to_string()
[INFO] [stdout]   --> src/vgmdb/errors.rs:37:48
[INFO] [stdout]    |
[INFO] [stdout] 37 |             CmdError::UtfError(ref err) => err.description(),
[INFO] [stdout]    |                                                ^^^^^^^^^^^
[INFO] [stdout] 
[INFO] [stdout] 
[INFO] [stdout] warning: use of deprecated associated function `std::error::Error::description`: use the Display impl or to_string()
[INFO] [stdout]   --> src/vgmdb/errors.rs:38:47
[INFO] [stdout]    |
[INFO] [stdout] 38 |             CmdError::IoError(ref err) => err.description(),
[INFO] [stdout]    |                                               ^^^^^^^^^^^
[INFO] [stdout] 
[INFO] [stdout] 
[INFO] [stdout] warning: unused import: `std::io::prelude`
[INFO] [stdout]  --> src/vgmdb/io.rs:4:5
[INFO] [stdout]   |
[INFO] [stdout] 4 | use std::io::prelude::*;
[INFO] [stdout]   |     ^^^^^^^^^^^^^^^^
[INFO] [stdout]   |
[INFO] [stdout]   = note: `#[warn(unused_imports)]` on by default
[INFO] [stdout] 
[INFO] [stdout] 
[INFO] [stdout] error: aborting due to 4 previous errors; 26 warnings emitted
[INFO] [stdout] 
[INFO] [stdout] 
[INFO] [stdout] Some errors have detailed explanations: E0061, E0599.
[INFO] [stdout] 
[INFO] [stdout] For more information about an error, try `rustc --explain E0061`.
[INFO] [stdout] 
[INFO] [stderr] error: could not compile `vgmdb-rust`
[INFO] [stderr] 
[INFO] [stderr] To learn more, run the command again with --verbose.
[INFO] running `Command { std: "docker" "inspect" "5b9934796c4939c6070e85748f2ceeecafbf5314bb004a912442b3ba3050ffef", kill_on_drop: false }`
[INFO] running `Command { std: "docker" "rm" "-f" "5b9934796c4939c6070e85748f2ceeecafbf5314bb004a912442b3ba3050ffef", kill_on_drop: false }`
[INFO] [stdout] 5b9934796c4939c6070e85748f2ceeecafbf5314bb004a912442b3ba3050ffef
